Let w be 10/(-4)*20/(-25). Let o(r) = 16*r - 14. Let x(u) = 3*u**2 + 4*u - 3. Calculate the remainder when x(-5) is divided by o(w).
16
Let a(l) = -l**3 + 7*l**2 + 10*l - 7. Let o = -36 + 44. Calculate the remainder when 35 is divided by a(o).
8
Let d = -557 + 1139. Calculate the remainder when 94 is divided by 2/(-8) + d/24.
22
Let x be (2/5)/(13/195). Suppose 7*w = 5*w + x. Calculate the remainder when (-1 - 0)/(4/(-20)) is divided by w.
2
What is the remainder when 46 is divided by (0 - 15)*6/(-15)?
4
What is the remainder when 152 is divided by 136/(11 - 3)*(-3)/(-1)?
50
Suppose 0 = -5*r - 0*r + 65. What is the remainder when 49 is divided by r?
10
Suppose 3*p - 6*p + 9 = 0. Suppose -y = p*y - 36. Let m(a) = -a + 12. Calculate the remainder when m(y) is divided by 1.
0
Suppose -5*b + 1375 = 6*b. Suppose -344 = -4*t - 88. Let a = t - 32. Calculate the remainder when b is divided by a.
29
Let q = 1024 - 989. Calculate the remainder when 489 is divided by q.
34
Let g = -103 + 52. Let r = g + 118. Calculate the remainder when r is divided by 14.
11
What is the remainder when ((-546)/65)/(26/30 + -1) is divided by 17?
12
Suppose 0 = -3*z - 0*z + 4*p - 1384, 5*p = 3*z + 1388. Let t be 3/(-6) - z/(-16). Let y = 56 + t. Calculate the remainder when 106 is divided by y.
25
Let w be ((-16)/(-4))/(1/10). Suppose -3*c + w = -2*n, 2*c + 2*n = 1 + 29. What is the remainder when 47 is divided by c?
5
Calculate the remainder when ((-456)/32)/((-27)/36) is divided by 13 - (1 - 2)*-1.
7
Let a(k) = 2*k**2 - 12*k + 54. What is the remainder when 619 is divided by a(11)?
127
What is the remainder when (54/162)/(305/(-306) + 1) is divided by 27?
21
Suppose 3*z + c = 53, -2*z + 28 = -3*c - 0*c. Calculate the remainder when z is divided by 12*((-3)/2 - -2).
5
Suppose -f = 2*f - 36. Let t(s) = 5*s**2 - 2*s - 2. Let j be t(-1). Suppose -v - v + 106 = 5*w, -j*v + 34 = 2*w. What is the remainder when w is divided by f?
10
Suppose -3*y + 21 = -2*y. Let c = y - -6. Calculate the remainder when c is divided by 4.
3
Let q = 37 + -48. Let v = 22 - q. Calculate the remainder when v is divided by 17.
16
Suppose 3*z - 14 = -p, 12*z - 18 = 8*z - p. Let f = -6 - -8. Calculate the remainder when (0 - f) + 2*4 is divided by z.
2
Suppose 18*i = 167 + 67. Let f = -12 + 17. Calculate the remainder when i is divided by f.
3
Suppose 5*h = 8*v - 3*v - 5, -12 = -4*v. Suppose h*j = 49 - 1. Calculate the remainder when j is divided by 13.
11
Let p(v) = -5*v + 2. Calculate the remainder when p(-1) is divided by 40/80*(1 + 3)/2.
0
Let v(m) = -5*m**3 - 27*m + m**3 + 0*m**3 + 19 + 15*m**2 + 3*m**3. What is the remainder when 69 is divided by v(13)?
3
Let y(r) = -r**2 - 4*r + 132. Calculate the remainder when 518 is divided by y(-9).
83
Suppose -4*u = 4*f - 84, -3*f + 0*u + 5*u + 63 = 0. Let a = 855 + -753. Calculate the remainder when a is divided by f.
18
Let q = 750 + -702. What is the remainder when q is divided by 19?
10
Let f be 85*(-4 + 5) - 0. Suppose 4*u = 2*h + 70, u - f = -3*u + 5*h. Calculate the remainder when 73 is divided by u.
13
Suppose 704 = 38*z - 6*z. Calculate the remainder when 93 is divided by z.
5
Suppose -20 = -q + 4*x, 66 = 40*q - 35*q - 3*x. Suppose 3*w + 4*o - 305 = 0, -5*w - o + 450 = -6*o. Calculate the remainder when w is divided by q.
11
Let k(v) be the third derivative of v**6/120 - v**5/10 - v**4/6 - 13*v**3/6 + 11*v**2. Calculate the remainder when 15 is divided by k(7).
7
Suppose 164 = 5*u - u. Let o(t) = -3*t - 1. Let k be o(-11). Suppose p + k = 3*c - 4*p, 2*c + 4*p - 36 = 0. Calculate the remainder when u is divided by c.
13
Let y be (-4)/14 + 12/42. Suppose y*r = 3*r - 144. Suppose 3*i = -3*i + r. Calculate the remainder when 15 is divided by i.
7
Let y = -450 - -920. What is the remainder when y is divided by 11?
8
Let w = -11 - -55. What is the remainder when 2110 is divided by w?
42
Suppose 5*s = -y + 32, -4*y - 1 = 2*s - 111. Calculate the remainder when y is divided by 18.
9
Let i = 5 - 2. Suppose -8*y + 110 = -402. Suppose b - 60 = -4*k, -3*k + i*b = -b - y. What is the remainder when k is divided by 6?
4
Let a = -14 - -25. Suppose a*g = 7*g + 16. Suppose g*f = 3*k - 22, -k - 1 = -f - 8. What is the remainder when 11 is divided by k?
5
Suppose 2*v + 0*v = 52. Let l = -9 + v. Calculate the remainder when 1/(-2)*-2 - -32 is divided by l.
16
Let m(a) = 5*a**2 - 27*a - 90. What is the remainder when (40/(-6))/(2/(-12)) is divided by m(8)?
12
Suppose 9*b - 4*b = 0, 3*t - 5*b = 87. Let r = t + -13. What is the remainder when ((-46)/3)/(2/(-6)) is divided by r?
14
Suppose -3*b + 2*b - 2*m + 19 = 0, 3*m - 116 = -5*b. Suppose 3*t = -4*i + 191, 2*i + 5*t - 151 = -38. Calculate the remainder when i is divided by b.
19
Let i(v) = 791*v**2 - 1. Let b be i(1). Suppose 25*f - b = 20*f. Calculate the remainder when f is divided by 32.
30
Let s(w) = 2*w**3 - 41*w**2 - 14*w - 69. What is the remainder when s(21) is divided by 23?
9
Suppose 16*t - 42*t = -5798. Calculate the remainder when t is divided by 36.
7
Let q(g) = 64*g**2 + 8*g - 7. Let f be q(1). Let c = f + 2. Calculate the remainder when c is divided by 17.
16
Let y(b) = 428*b**2 + 3*b + 1. What is the remainder when y(-1) is divided by 10?
6
Suppose 14*b = 27*b - 143. What is the remainder when 269 is divided by b?
5
Let a = 3 + -12. What is the remainder when (a/(-3))/3*17 is divided by 9?
8
Suppose -3*b = -15, 3*b + b + 350 = 5*v. Calculate the remainder when 295 is divided by v.
73
Suppose 5*l - 3*f = 6*l - 11, 0 = -2*f - 8. Let g(a) = a**2 - a - 32. What is the remainder when l is divided by g(-6)?
3
Let z(v) = 22*v**2 - v. Suppose -5 - 5 = 5*k. Let u be 3 + (k - (3 - 1)). What is the remainder when z(u) is divided by 6?
5
Suppose -10 = -5*x - 30. Let o be 7 + 0 - x/2. Suppose 3*f - o = 18. What is the remainder when 33 is divided by f?
6
Let p(b) = -13*b + 13. Let t be p(1). Suppose -x - 3*a = -45 - 78, 5*x - a - 647 = t. What is the remainder when x is divided by 19?
15
Let p = -736 + 764. What is the remainder when p is divided by 19?
9
Suppose -3*y = 3*y - 30. Suppose -5*s = -4*g + 169, -74 = -2*g - 3*s + y. What is the remainder when 119 is divided by g?
37
Let x be (-7 + (-4)/(-2))/(-1). Suppose -g + 5*g = u + 57, 0 = -x*g + 2*u + 72. Calculate the remainder when ((117/(-2))/3)/((-30)/40) is divided by g.
12
Let b(y) = -y**3 - 14*y**2 + 15*y + 28. What is the remainder when b(-15) is divided by 25?
3
Suppose -m - 3*c + 10 = 4*m, 0 = c. Suppose m*t - 22 = -0*t. Calculate the remainder when 30 is divided by t.
8
What is the remainder when 277 is divided by (9/(-2))/(36/(-360))?
7
Let x = 1833 + -1645. What is the remainder when x is divided by 24?
20
Suppose 3 = 4*u - 109. Let p(s) = s**3 + s**2 - 8*s - 3. Let h be p(-3). Suppose -h*v + 97 = u. What is the remainder when v is divided by 12?
11
What is the remainder when (-9)/(54/(-12)) - (-328 + -2) is divided by 84?
80
Let s(t) = -9*t - 8. Calculate the remainder when 15 is divided by s(-2).
5
Suppose 1 = -h + 13. Let l be 1040/(-14) + 2 + 8/28. Let c = l - -104. What is the remainder when c is divided by h?
8
Let q(t) = -9*t - 32. Let y be q(-6). Calculate the remainder when y/55 - ((-276)/10 + 2) is divided by 14.
12
Let j(o) = -o**2 + 12*o. What is the remainder when 277 is divided by j(7)?
32
Let j be 3/(-9)*2*-6. Let o be -2*(-3)/(-12)*0/(-2). Suppose j*c - 33 - 111 = o. What is the remainder when 107 is divided by c?
35
Let q(o) be the first derivative of 361*o**2/2 - 3*o - 12. Let r be q(-5). What is the remainder when (-8)/36 + r/(-36) is divided by 13?
11
Let x = -1100 + 1868. Calculate the remainder when x is divided by 7.
5
Suppose -r + 221 = -4*l - 152, 2*r - 751 = 3*l. Calculate the remainder when r is divided by 21.
20
What is the remainder when (-8)/3 + 45633/477 is divided by 21?
9
Suppose 2*r = -0*j + 4*j - 698, -5*j + r = -871. Calculate the remainder when j is divided by 24.
6
Let o(f) be the second derivative of f**5/20 + 11*f**2/2 + 7*f. Calculate the remainder when 37 is divided by o(0).
4
Let l(z) = -5*z**3 - 7*z**2 - 2*z - 7. Let w be l(-3). Let j = -51 + w. Calculate the remainder when j is divided by 7.
6
Suppose -178 - 172 = -14*y. What is the remainder when 0 - (-4)/(-2) - -88 is divided by y?
11
Suppose 0*v = -2